f v(-11)?
2, 3, 5
Let o(u) = -17*u - 3. What are the prime factors of o(-8)?
7, 19
Let s(t) = -t**3 + 6*t**2 - 4*t + 4. Let r be s(5). Suppose r*b = 4*b + 4*o, -3*o - 3 = -3*b. List the prime factors of (-4 - (4 + b)) + 19.
3, 5
Suppose -5*d = -4*d - 3. Suppose -3*z + z = -5*i + 210, 105 = 3*i + d*z. What are the prime factors of i?
2, 5
Let m(k) = 6*k + 393. What are the prime factors of m(0)?
3, 131
Let q = -8 + 52. Let s = 200 - q. What are the prime factors of s?
2, 3, 13
Let g(o) = o - 19. Let n be g(9). Suppose 0 = -2*k + 4, -4*d - 5*k = -64 - 26. Let p = d + n. What are the prime factors of p?
2, 5
Suppose 0 = -2*z + 3*w + 43, 0 = -0*z - 4*z - w + 51. Let v = 16 - z. List the prime factors of v.
2
Let b(v) = 0 + 2 - 4*v - 5 + 13. What are the prime factors of b(-10)?
2, 5
Suppose 0 = s + 2*k - 9, -k + 2 = -2*s - 5. List the prime factors of (2 - (205 + 2))*s.
5, 41
Let f(u) = u**2. Let t(r) = -r**2 + 2*r + 2. Let l(k) = 4*f(k) + 2*t(k). Let h be l(-4). Let c = 0 + h. What are the prime factors of c?
2, 5
Let l be (10/(-4))/(3/(-9 - -3)). Suppose -5*v + 2*v - 15 = -p, -l*v = 3*p - 3. What are the prime factors of p?
2, 3
What are the prime factors of -13*(-88)/16 + 1/2?
2, 3
Let i(b) = -264 + 261 + 52*b + 65*b. List the prime factors of i(1).
2, 3, 19
Let k be (-8)/20 - (-24)/10. Suppose k*h = -3*h + 2*z + 1679, -2*h - 3*z + 664 = 0. What are the prime factors of h?
5, 67
Suppose -4 = 5*n - 14. Let w be (-184)/(-56) - n/7. Suppose 15 = w*h - 3*k, -h = -6*h - 4*k + 70. List the prime factors of h.
2, 5
Let l(n) = -n**2 + 6*n - 2. Let j be l(-5). Let h = j - -89. What are the prime factors of h?
2
Let l = 5260 - 3010. What are the prime factors of l?
2, 3, 5
Let x(z) = -z**2 - z + 8. Let w be x(4). List the prime factors of 13/((-4)/w - 0).
3, 13
Suppose -y - 3 = -5. Suppose h = -i + y*h, -4*i - 2 = -5*h. Suppose -n + 0 = i*b - 8, -3*b + 17 = 4*n. List the prime factors of b.
3
Let q = -411 + 636. What are the prime factors of q?
3, 5
Suppose -m + 0*m + 3 = 0. Suppose -5*u = -m*o + 301, 3*o + u = 260 + 65. Let k = o - 72. What are the prime factors of k?
5, 7
Suppose -2*x - 338 = -4*o + 334, 0 = 3*o - 5*x - 490. List the prime factors of o.
2, 5, 17
Suppose 2*k - 8 = 6*k. Let j be (164/(k + 0))/(-2). Suppose -5*s + 156 = j. List the prime factors of s.
23
Let v(p) = -12*p - 9. Let c(x) = 8*x - 5*x + 8*x + 8. Let l(z) = -7*c(z) - 6*v(z). List the prime factors of l(-11).
53
Let s be (-3 - 1)*(-134)/8. Let b = 17 + s. Suppose -3*i + 0*t - 3*t = -b, 4*i + 3*t = 111. What are the prime factors of i?
3
Suppose -2*f + 61 = 19. Let y = f - -66. List the prime factors of y.
3, 29
Suppose 0 + 20 = 4*s. What are the prime factors of (-28)/8*-22 + s?
2, 41
Let d(i) = 165*i + 762. List the prime factors of d(17).
3, 29, 41
Suppose -t = -2*c - 2378, -5*c = -0*t + t + 5952. Let w = 530 + c. What are the prime factors of (-4)/(-14) - w/42?
2
Let s = 68 - -474. List the prime factors of s.
2, 271
Let g(f) = -f**2 - 6*f - 4. Let p be g(-2). Suppose -5*o = 2*a - 234, o = p*o. What are the prime factors of a?
3, 13
Let s(y) = -5*y**2 - 32*y - 37. Let v(b) = -b**2 - 8*b - 9. Let c(w) = -2*s(w) + 9*v(w). Let l be c(11). Let q = -15 + l. List the prime factors of q.
11
Let c = 10 + -6. Suppose -850*k + 843*k = -833. Suppose c*i - k = 33. What are the prime factors of i?
2, 19
Suppose -7*b = -b - 2208. Suppose -22*u = -20*u - b. List the prime factors of u.
2, 23
Let m be (-2)/(-12) + (-105)/(-18). What are the prime factors of (44 - 47)/((m/(-233))/2)?
233
Let o(c) = c + 11. Let q be o(-14). Let v be -8 - ((-3 - -3) + q). Let k = 15 + v. What are the prime factors of k?
2, 5
List the prime factors of (-2 - ((-42)/30 + -1))*40.
2
Let t(q) = 37*q**3 + q**2 - 1. Let x be t(1). Suppose -260*y - 30 = -263*y. Let m = x - y. What are the prime factors of m?
3
Let x(a) be the third derivative of a**6/120 - a**5/4 + 3*a**4/4 + 13*a**3/2 + 7*a**2. What are the prime factors of x(14)?
5, 19
Let z be -11 - (1 + -1)/2. Let f = z - -15. Suppose 5*h = -4*b + 119, 0 = f*b - b - h - 94. What are the prime factors of b?
31
Suppose 8 = 2*a - 4. What are the prime factors of ((-702)/(-20) - 3/5)*a?
3, 23
Let a(x) = -x**3 + 7*x**2 - 5*x + 1. Suppose 3*c - 6*c = 5*i - 32, i + c - 8 = 0. List the prime factors of a(i).
29
Suppose -x = 3*x - 12. Suppose 3*f - 362 = -4*w, -5*f - x*w - 202 = -798. What are the prime factors of f?
2, 59
Let b be 56/(-12)*48/(-4). Suppose 6*u - 7 = 11. Suppose d - 76 = -4*n, -n - 4*d - b = -u*n. What are the prime factors of n?
2, 5
Suppose -4*g - 4*x = -8, 2*g = -g + 3*x + 12. Suppose 0 = -5*v + 10, -3*v + 390 = r + g*r. Suppose r = 5*w - 29. What are the prime factors of w?
5
Let p(t) = -566*t - 214. What are the prime factors of p(-4)?
2, 5, 41
Let j(z) be the first derivative of 16*z**2 + z - 6. Let y be j(-1). List the prime factors of (-3)/(9/3)*y.
31
Suppose 120 = -4*d + 20. Let t = 37 + d. Suppose -4*h + t = -120. List the prime factors of h.
3, 11
Let a = 647 + -307. What are the prime factors of a?
2, 5, 17
List the prime factors of (3/6*2)/(83/260371).
3137
Let n(s) be the first derivative of -8*s**2 - 13*s + 18. What are the prime factors of n(-13)?
3, 5, 13
Suppose -2085 = -55*r + 52*r. List the prime factors of r.
5, 139
Let m be 3 + 0/3 - 13. Let a be 44/m + (-6)/(-15). What are the prime factors of a/(3 - 5) + 23?
5
Let h(r) = 77*r**3 - 7*r**2 + 63*r - 4. List the prime factors of h(4).
2, 3, 211
Let o = 291 - -3. List the prime factors of o.
2, 3, 7
Suppose 12*c - 10*c = -4*s + 3232, -20 = -4*s. List the prime factors of c.
2, 11, 73
Suppose 12*x = 3*x + 99. Suppose -1491 = -x*j + 478. What are the prime factors of j?
179
Let s(v) = 105*v - 96. List the prime factors of s(3).
3, 73
Let t be 2/(-11) - 27/33. List the prime factors of 4 + -4 + (-2)/t.
2
Suppose 5*t = 47 + 18. Let o = t + 0. Suppose -10*q - 219 = -o*q. What are the prime factors of q?
73
Let q = 2976 + -1857. What are the prime factors of q?
3, 373
Let p(a) = -a**2 - 13*a - 3. Suppose d = 4*i + 52, 0 = -i + d - 9 - 4. Let u be p(i). List the prime factors of 1*(6 - 4 - u).
5
Let t(f) = -176*f + 5. Let v be t(1). Let q = v + 242. List the prime factors of q.
71
Let v = 54 - 50. Suppose 2*t = -t + a + 235, 60 = t - v*a. What are the prime factors of t?
2, 5
Let j(p) = -7*p + p - 3*p + 8 - 5*p. What are the prime factors of j(-9)?
2, 67
Suppose -3*v = 5*t + 289, 2*v - 5*t = -39 - 187. Let r = v - -207. List the prime factors of r.
2, 13
Suppose c - 4*j - 27 = 0, 0 = 2*c - 3*j - j - 38. Let z = c + -18. Let b = z + 9. List the prime factors of b.
2
List the prime factors of 1 - (-4)/((-28)/(-7))*2517.
2, 1259
Suppose 5*u + 5 = 55. Suppose -2*c - u = 10. Let q(r) = r**3 + 11*r**2 + 5*r + 2. List the prime factors of q(c).
2, 13
Let h = -171 + -87. Let m = -176 - h. What are the prime factors of m?
2, 41
Let t(o) = -o**3 - 7*o**2 - 2*o + 16. Let m be t(-10). Suppose -5*p + 88 = c, 2*c = -2*c - 4*p + m. List the prime factors of c.
83
Let n(p) = -99*p**3 - 5*p - 8. What are the prime factors of n(-2)?
2, 397
Let f = -53 + 30. Let c = f - -76. What are the prime factors of c?
53
Let q = -23 - -47. Let i = 1 - 4. List the prime factors of q - i*(-1)/(-3).
5
Let n = 1130 - 595. What are the prime factors of n?
5, 107
Let d = 2929 - 2024. List the prime factors of d.
5, 181
Let w(c) = -c**2 - c + 5. Suppose -5*a + 32 = -68. Suppose -3*y = 5*q - 5 - a, -y + 5*q - 25 = 0. What are the prime factors of w(y)?
5
Suppose -3*m + 6 = -m. Suppose -m*g = -1 + 37. List the prime factors of -5*g*6/20.
2, 3
Let x(w) be the first derivative of 19*w**2/2 + 18*w - 6. Let z be x(10). Suppose -4*c = -3*s - 184, -5*c - 3*s - 5 = -z. What are the prime factors of c?
43
Suppose -121 = -u + 3547. What are the prime factors of u?
2, 7, 131
Suppose -25 = 3*h - 7. Let l = 15 - h. List the prime factors of l.
3, 7
List the prime factors of 15/10*(191380/(-21))/(-10).
1367
Let a be (-9 + 4 + 63)*(6 - 1). Suppose -k + 275 = -p, -k + 2*p = 4*p - a. What are the prime factors of k?
2, 5, 7
Let t(p) = 58*p - 5. Suppose 5*a - 1 = -2*r, -r - 7 = -3*a + r. List the prime factors of t(a).
53
Suppose -5*l + 835 = 5*p, 5*p = -50*l + 54*l + 799. What are the prime factors of p?
163
Let f(m) = m**3 - 6*m**2 + 19*m + 30